 v be c(4). Let q be (-45)/(-6)*14*8/10. What is the highest common divisor of v and q?
12
Let l = -29 + 35. Calculate the highest common factor of 24 and l.
6
Suppose 92 = -i + 3*i. Suppose -a = -3*c - i, -3*c + 70 = 2*a + 2*c. Calculate the greatest common divisor of 10 and a.
10
Let u(i) = 56*i**2 - i + 1. Let b be u(1). Calculate the highest common factor of b and 7.
7
Let u be 0*(-1)/4*2. Let g = -2 - u. Let w(d) = 10*d**2 - d - 2. Let k be w(g). Calculate the highest common divisor of 16 and k.
8
Let j(q) = 2*q**2 - 5*q - 7. Let t = 0 - -5. Let w be j(t). Let s be (-4)/(-10) + (-56)/(-10). Calculate the highest common factor of w and s.
6
Suppose 20 = 8*x - 6*x. Suppose 44 = 2*b - 56. What is the highest common divisor of b and x?
10
Suppose -5*c = -9*c + 16. What is the greatest common divisor of c and 44?
4
Let k(a) = -a**3 - 7*a**2 + 2. Let j be k(-7). What is the highest common factor of j and 1?
1
Let i = 102 - 81. Calculate the highest common divisor of i and 63.
21
Suppose 2*a = -y + 31, a - 5*y + 4*y = 20. Suppose o = 2*s - 0*s + a, -o - s = -23. What is the highest common factor of o and 14?
7
Let b = -2 - -6. Calculate the highest common factor of 36 and b.
4
Suppose -145 + 45 = -2*o. Calculate the greatest common factor of 25 and o.
25
Let h be 6 - 2 - 9/(18/(-52)). Calculate the greatest common factor of h and 6.
6
Let n = 99 + -74. What is the highest common divisor of 100 and n?
25
Let j(t) = 171*t**3 - 2*t**2 + t + 1. Let k be j(1). Calculate the highest common divisor of 19 and k.
19
Suppose -2*q - 4 = 0, 2*f + 146 = 7*f - 3*q. Calculate the greatest common factor of 42 and f.
14
Let m be (300/9)/((-2)/(-6)). Suppose 5*l - l - m = 0. Suppose 20 = 3*t - l. Calculate the greatest common divisor of 150 and t.
15
Let d(a) be the first derivative of -2*a**3/3 + 3*a**2 - 2*a - 1. Let w be d(5). Let f = w + 35. What is the greatest common divisor of f and 143?
13
Suppose 0 = u, -p - 2*u + 4 = -2*p. Let c(d) = d**2 - 5. Let v be c(p). Calculate the greatest common factor of 1 and v.
1
Suppose 0*o - 5*o = -160. What is the greatest common factor of 4 and o?
4
Suppose p = 5*p - 144. Let r be ((-2)/(-2) - 2) + 13. Calculate the highest common factor of p and r.
12
Let y(o) = o**2 + 2*o - 2. Let n = -3 + 9. Let l be y(n). Calculate the highest common factor of l and 69.
23
Suppose 6*a - 5*n = 4*a + 14, -5*a - 2*n = -6. Suppose -a*v = -v - 162. Calculate the highest common divisor of v and 18.
18
Let c = 457 + -254. Let r = 79 - 50. Calculate the highest common factor of r and c.
29
Suppose -13 = -5*y + 2. What is the greatest common factor of 21 and y?
3
Let w(i) = 2*i**2 - i - 2. Let x be w(-2). What is the greatest common divisor of 10 and x?
2
Let i(m) = 24*m + 2. Let u = -3 + -2. Let h be i(u). Let v = -82 - h. Calculate the greatest common divisor of v and 12.
12
Suppose t + 5*g - 2 = 0, -2*t + 6 = 3*g - 12. Calculate the highest common factor of 36 and t.
12
Suppose g - 36 = -2*g. What is the highest common factor of g and 132?
12
Let l(c) be the second derivative of c**4/12 - 7*c**3/6 + 2*c**2 - c. Let z be l(8). What is the highest common divisor of z and 84?
12
Let j(q) = q**3 + 9*q**2 + 7*q + 3. Let a be j(-8). Let v = -39 - -72. Calculate the highest common factor of a and v.
11
Let j(y) = 4*y + 8. Let n be j(-5). Let a = n + 25. What is the greatest common divisor of a and 91?
13
Let i be (187/(-44))/((-5)/160). Suppose 2*b = -2*b + 28. Let k = b + 10. What is the greatest common divisor of i and k?
17
Suppose -2*m + 7*m = 150. What is the greatest common factor of m and 6?
6
Let g be 2 + 81 + (-1 - -3). Suppose -g = -4*f - 1. Suppose -2*x + 162 = -3*m, m = x + 3*m - 88. Calculate the greatest common divisor of x and f.
21
Suppose -6 = 3*u - 3*s, 3*u = -0*s - 4*s + 29. Suppose 0 = 2*b - u*b + 20. What is the highest common factor of 8 and b?
4
Let f = -18 - -22. Calculate the greatest common factor of f and 4.
4
Let i(g) = -5*g - 17. Let j be i(-7). Suppose 3*p + 9 - 21 = 0. Suppose -7*l - 5*d + 88 = -3*l, d = -p. Calculate the highest common divisor of l and j.
9
Let z(v) = 4*v**3 - 4*v**2 + 6*v - 2. Let j be z(4). Let s = 344 - j. Suppose 2*b + 0*d = -4*d + s, d = -b + 60. What is the greatest common factor of b and 5?
5
Let g = 5 - -7. What is the greatest common factor of 12 and g?
12
Suppose 3*l = 2*l + 4. Suppose 3*a - 4*a + 3*o - 62 = 0, l*a - 2*o + 218 = 0. Let i = -32 - a. Calculate the greatest common factor of i and 168.
21
Suppose c - 42 = -c. What is the highest common factor of c and 14?
7
Let l be (3/(-2))/(9/(-102)). What is the greatest common factor of l and 136?
17
Let w be (1 + (-12)/9)*-6. Suppose r - 3 + 0 = t, r + w*t = 18. Let f be 85 - ((-13)/4 + 2/8). Calculate the greatest common divisor of f and r.
8
Suppose p + 3*o - 32 = -0*p, 5*p - 108 = -2*o. Let k = 56 + -36. What is the highest common factor of k and p?
20
Suppose -45 + 1 = -4*o. Calculate the greatest common divisor of 99 and o.
11
Let g = -7 + 5. Let o be 3/g*(3 + 1). Let d = o - -18. Calculate the greatest common divisor of d and 4.
4
Suppose 4*s + 0 - 40 = 0. Let a = 23 + s. What is the highest common divisor of 3 and a?
3
Let q(v) = v**2 - v + 1. Let o be q(1). Let f = o + 3. What is the greatest common divisor of 2 and f?
2
Suppose 0 = -4*d + 4. Let m = -6 - -14. What is the greatest common factor of m and d?
1
Let s = -10 + 6. Let a = 48 + s. Let c be (1 - 1*5)/(-1). Calculate the highest common factor of a and c.
4
Let z be (-310)/(-11) - (-4)/(-22). Suppose 3*c = -c + z. Let l be c + 1/(2/(-4)). What is the greatest common factor of l and 10?
5
Let z be 58/6 - 5/(-15). Suppose -102 = -w - 2*x, -5*x = -2*w + 5*w - 305. What is the highest common divisor of z and w?
10
Let w(f) = f**2 - 4*f + 2. Let x = 7 + -6. Let z(s) = s. Let p(u) = x*w(u) + 4*z(u). Let m be p(-3). Calculate the greatest common factor of m and 121.
11
Let l(p) = p**3 + p**2 - p - 4. Let a be l(0). Let o = a - -9. Calculate the greatest common divisor of 20 and o.
5
Let k be (-28 + -5)/((-9)/12). Calculate the highest common divisor of k and 66.
22
Suppose 11 = -4*l + 47. Let a = l - -6. What is the greatest common divisor of 75 and a?
15
Let j = -11 + 14. Suppose 2*g + 0*w - w = -26, 2*g = j*w - 34. Let i be (-4)/(-22) + (-42)/g. Calculate the highest common factor of 28 and i.
4
Let c = 48 + -21. Suppose -4*b = 4*o - 92, 0*b + 23 = o - 5*b. Let s = 32 - o. Calculate the highest common factor of c and s.
9
Let o = 38 - 27. Suppose 0 = -5*b + 20, 2*g + b - o - 17 = 0. What is the highest common factor of g and 12?
12
Let r(c) = c**2 - 5*c - 7. Let a be r(7). Suppose 2*y + 240 = a*y. What is the highest common factor of y and 6?
6
Let k = 17 + -18. Let g be 22 - (1 + k)*1. Calculate the highest common divisor of g and 11.
11
Let g = 21 + -19. Let t be 2/(g + (-4)/3). What is the highest common factor of t and 12?
3
Suppose 0 = -2*u, -u = 5*l - 2*l. Suppose l = -0*r - r - 8. Let q be (r/2 - 0)*-11. What is the greatest common factor of q and 11?
11
Suppose -4*l + 34 = -38. Calculate the greatest common divisor of l and 27.
9
Let s be (-4)/((2 - 2) + -1). Let r be 1 + (-4 + 6)*1. Suppose 4*b + 2*d - 28 = -0*d, -r*d = -b + 14. Calculate the highest common divisor of s and b.
4
Suppose 7 = 2*f - 3*v, 2*f - 5*v - 5 + 0 = 0. Calculate the highest common divisor of f and 2.
1
Suppose -4*s = -3*t + 86, 2*s = -4*t + 49 + 73. Calculate the greatest common factor of t and 30.
30
Suppose -5*y + 8 = -k, -4*y = -5*k - 4 + 6. Suppose 12 = k*j - 0*j. Let q be (-1)/((-1)/6 + 0). Calculate the highest common factor of q and j.
6
Let g(u) = -u**3 - 6*u**2 + 7*u - 16. Let n be g(-8). Calculate the greatest common divisor of n and 7.
7
Let z(a) = 7*a. Let u be z(1). What is the highest common divisor of 7 and u?
7
Let o(s) = s**2 + 1. Let c be o(-2). Suppose -c*i + 3*i + 18 = 0. Calculate the highest common factor of 1 and i.
1
Let s(h) be the third derivative of h**6/15 - h**5/60 - 5*h**4/24 + 5*h**3/6 + 7*h**2. Let y be s(2). Calculate the highest common divisor of 5 and y.
5
Let l be (3 - -3)*(-3)/(-1). Let t be l - 3 - -1 - -3. Calculate the highest common factor of 133 and t.
19
Suppose -283 - 7 = 2*t. Let m = -79 - t. Calculate the highest common divisor of m and 22.
22
Let